on factor of 1218 and 18966?
174
Calculate the greatest common factor of 2272 and 124534.
142
Calculate the greatest common factor of 11747 and 119.
17
What is the highest common divisor of 1251 and 695?
139
What is the greatest common divisor of 11313 and 121929?
1257
Calculate the highest common factor of 11101 and 4675.
17
Calculate the highest common divisor of 1608 and 40.
8
Calculate the highest common factor of 4257 and 29403.
99
Calculate the greatest common divisor of 7 and 18263.
7
What is the greatest common factor of 120 and 984?
24
Calculate the highest common divisor of 9321565 and 110.
55
What is the highest common divisor of 38916 and 3196?
188
Calculate the greatest common factor of 4802 and 112.
14
What is the highest common factor of 821593 and 1581?
527
Calculate the greatest common factor of 362644 and 68.
68
What is the greatest common factor of 2836 and 455887?
709
Calculate the highest common factor of 366 and 123098.
122
What is the greatest common factor of 2850 and 17290?
190
What is the greatest common factor of 824 and 268006?
206
What is the greatest common divisor of 114900 and 40?
20
What is the greatest common divisor of 800 and 4608?
32
Calculate the highest common divisor of 16928 and 19232.
32
What is the greatest common divisor of 563471 and 463?
463
Calculate the greatest common divisor of 3412888 and 16.
8
What is the highest common factor of 6116 and 81356?
44
What is the highest common divisor of 463584 and 99?
33
What is the greatest common factor of 208 and 13?
13
What is the highest common factor of 185249 and 51?
17
What is the greatest common divisor of 5427301 and 561?
187
Calculate the highest common divisor of 108 and 16029.
9
What is the greatest common factor of 448725 and 930?
465
Calculate the greatest common factor of 2499 and 812.
7
What is the greatest common factor of 494 and 148656?
38
Calculate the greatest common factor of 9 and 144567.
9
What is the highest common factor of 211 and 8440?
211
What is the greatest common divisor of 3734451 and 189?
189
What is the greatest common factor of 398307 and 78?
39
What is the highest common factor of 174096 and 3240?
216
What is the greatest common divisor of 1273 and 2299?
19
Calculate the greatest common factor of 154686 and 1134.
42
Calculate the greatest common factor of 28730 and 585.
65
Calculate the greatest common divisor of 23790 and 29341.
793
What is the highest common factor of 38896 and 17?
17
Calculate the greatest common divisor of 43183 and 434.
217
Calculate the highest common divisor of 68 and 1706783.
17
What is the highest common divisor of 17510 and 272?
34
What is the highest common divisor of 63 and 256305?
21
What is the highest common factor of 202 and 14335738?
202
Calculate the greatest common factor of 1029 and 8796235.
343
Calculate the greatest common divisor of 16023 and 945.
21
Calculate the greatest common factor of 545032 and 193.
193
Calculate the greatest common divisor of 105721 and 1463.
77
What is the highest common factor of 748 and 836?
44
Calculate the greatest common factor of 152 and 1093564.
76
What is the greatest common divisor of 754 and 93438?
58
What is the greatest common divisor of 373875 and 15?
15
Calculate the greatest common divisor of 129 and 967543.
43
What is the greatest common factor of 2295756 and 36?
36
Calculate the greatest common factor of 1075 and 1325.
25
What is the highest common factor of 224 and 588?
28
Calculate the highest common divisor of 296 and 304.
8
What is the greatest common divisor of 2613 and 1338459?
201
Calculate the greatest common divisor of 109697 and 63.
7
Calculate the highest common factor of 4302 and 24617.
239
Calculate the greatest common factor of 589 and 12863.
19
Calculate the highest common factor of 834 and 1630887.
417
What is the greatest common factor of 8811 and 1394541?
801
Calculate the highest common factor of 238290 and 75.
15
Calculate the greatest common divisor of 1522208 and 24.
8
What is the greatest common divisor of 17394 and 9438?
78
What is the greatest common factor of 2304680 and 280?
280
Calculate the highest common divisor of 236 and 75107.
59
Calculate the greatest common divisor of 13899 and 27552.
123
What is the highest common divisor of 141 and 392544?
141
What is the greatest common factor of 7074 and 513?
27
What is the greatest common divisor of 10143 and 508277?
1127
What is the greatest common factor of 1189 and 502280?
29
What is the greatest common divisor of 23 and 4132456?
23
What is the highest common divisor of 15 and 739965?
15
What is the highest common factor of 1914 and 42282?
174
Calculate the highest common factor of 1242 and 56304.
414
What is the highest common factor of 1271 and 51739?
31
Calculate the greatest common divisor of 10 and 13165.
5
Calculate the highest common divisor of 835614 and 195.
39
What is the greatest common factor of 392 and 10094?
98
What is the highest common divisor of 46 and 983917?
23
Calculate the greatest common divisor of 325 and 212225.
325
What is the greatest common factor of 76318 and 2244?
22
Calculate the highest common factor of 20 and 62470.
10
Calculate the greatest common divisor of 80004 and 10266.
354
What is the greatest common divisor of 40 and 4975?
5
Calculate the highest common factor of 4533108 and 36.
12
What is the greatest common factor of 14 and 5026?
14
Calculate the greatest common factor of 12453 and 357.
21
Calculate the greatest common divisor of 11805 and 144.
3
Calculate the greatest common factor of 122210 and 14140.
1010
What is the highest common divisor of 1079 and 923?
13
Calculate the highest common factor of 5362 and 5530.
14
What is the highest common divisor of 810833 and 7902?
439
Calculate the highest common factor of 473 and 2321.
11
Calculate the highest common factor of 65 and 5305.
5
Calculate the greatest common factor of 84 and 55509.
3
Calculate the highest common factor of 15966 and 639.
9
Calculate the greatest common factor of 9 and 567441.
9
What is the highest common divisor of 51253 and 107?
107
What is the highest common divisor of 91 and 552903?
13
Calculate the highest common divisor of 480110 and 1025.
205
What is the greatest common factor of 20 and 420830?
10
What is the greatest common factor of 7524 and 99?
99
Calculate the greatest common factor of 1848248 and 24.
8
What is the greatest common divisor of 12850 and 54998?
514
Calculate the greatest common factor of 2408640 and 40.
40
Calculate the greatest common divisor of 27 and 110709.
9
What is the highest common factor of 8 and 116968?
8
What is the highest common factor of 420 and 18640?
20
What is the greatest common divisor of 156 and 15431?
13
Calculate the highest common divisor of 1452 and 21612.
12
Calculate the highest common factor of 190 and 1784898.
38
Calculate the greatest common divisor of 682 and 204776.
22
Calculate the highest common divisor of 5920 and 21380.
20
What is the highest common factor of 60 and 2240?
20
Calculate the greatest common divisor of 1736 and 49.
7
Calculate the highest common factor of 1 and 727717.
1
What is the highest common factor of 101441 and 171?
19
What is the greatest common divisor of 32325 and 225?
75
Calculate the greatest common divisor of 577 and 9040436.
577
Calculate the greatest common divisor of 20871 and 153.
9
Calculate the greatest common factor of 1139 and 11152.
17
Calculate the highest common factor of 4824 and 14868.
36
What is the highest common divisor of 84 and 25836?
12
Calculate the greatest common divisor of 69 and 115.
23
Calculate the highest common factor of 2513 and 533474.
359
Calculate the greatest common factor of 52 and 1781.
13
Calculate the greatest common divisor of 497 and 639.
71
What is the greatest common factor of 612 and 21726?
306
Calculate the highest common factor of 86935 and 25.
5
What is the highest common factor of 40 and 5255?
5
What is the greatest common factor of 637 and 1127?
49
Calculate the highest common factor of 58 and 1471721.
29
What is the greatest common divisor of 9261788 and 116?
116
What is the greatest common factor of 12760 and 2680?
40
Calculate the highest common divisor of 333579 and 3012.
753
Calculate the highest common divisor of 7